 j(3).
0
Let s be (5/2)/(12/24). Let x(n) = 8*n**2 - 5*n + 4. Let d(c) = 4*c**2 - 2*c + 2. Let l(w) = s*d(w) - 2*x(w). Give l(-2).
18
Let y = -263/4 - -329/5. Let j(t) be the third derivative of 1/30*t**5 - y*t**6 + 5*t**2 + 0*t**4 + 0 - 1/6*t**3 + 0*t. Calculate j(1).
-5
Let t(b) be the third derivative of -b**6/120 - b**5/5 + 13*b**4/24 - 7*b**3/6 + b**2 - 247*b. What is t(-13)?
-7
Let x be -1 + (4/16 - (-81)/12). Suppose -5*w + 2*w - 11 = 2*y, 3*w - 3*y + x = 0. Let u(t) = t + 1. What is u(w)?
-2
Suppose 3*c - 12 = -c. Let p(q) = q**3 - 9*q**2 - 6*q + 3. Let b(f) = 3*f**3 - 26*f**2 - 17*f + 9. Let x(v) = 6*b(v) - 17*p(v). Calculate x(c).
3
Let u(j) = j**3 + 6*j**2 - 5*j - 3. Let z(y) = 3*y**3 + 19*y**2 - 14*y - 8. Let h(a) = -7*u(a) + 2*z(a). What is h(-5)?
-5
Suppose 0 = -5*i - 51 - 19. Let n = 19 + i. Let x(b) = -3*b + 21. Let m(u) = -1. Let l(v) = 18*m(v) + x(v). Give l(n).
-12
Let y be (28/6)/(6/36). Let h(q) = q + y - 54 + 29. Give h(4).
7
Let w(h) = -1996 - h**2 + 1009 + 1000 - 17*h. Calculate w(-19).
-25
Let n(s) = -2 + 25*s + 2 + 21*s - 1 - 54*s. Suppose -m - 4 + 0 = y, 5*m = -y - 16. What is n(y)?
7
Suppose -g = 3*g. Let r(m) = -7*m**3 - 4*m - 3. Let d(o) = -9*o**3 - 5*o - 4. Let u(p) = -3*d(p) + 4*r(p). Give u(g).
0
Let a(o) = -o**2 - 8*o - 4. Let x(c) = -c**2 - 8*c - 4. Let u(m) = 2*a(m) - 3*x(m). Give u(-4).
-12
Let o(n) = -9 - 29 + n + 29 + 48 + 17. Give o(0).
56
Suppose -3*w + 2*t = 7, -3*w - 5*t + 96 = 89. Let s(r) = 6*r + 5*r - 3*r. Give s(w).
-8
Let t(d) = -d**2 - 37*d - 34. Let j be t(-36). Let b(p) = 20*p - 1. Give b(j).
39
Suppose 6*q = -q + 553. Let y = q + -77. Let d(s) = -s**3 - s**2 + 2*s + 1. Determine d(y).
-7
Let q(x) be the first derivative of 9*x**2/2 + x + 370. Give q(4).
37
Let y(w) = 2*w**2 + w - 1. Suppose 8 = 2*q - 0. Determine y(q).
35
Let g = -17 - -37. Let a(n) = -17*n - 8 + 38*n - g*n. Calculate a(7).
-1
Let p(q) be the first derivative of -4*q**3/3 - q**2/2 - 4. Let k be 2 - 0 - (-8)/(-1). Let t = k + 7. Determine p(t).
-5
Let k be ((-6)/(-8))/(7/(-392)). Let l = k + 35. Let d(p) = p**2 + 7*p - 2. Calculate d(l).
-2
Suppose 5*b - s + 2*s = -25, -11 = 4*b - s. Let n(c) be the first derivative of c**4/4 + 2*c**3/3 - c**2 + 5*c - 306. Calculate n(b).
-19
Let v(m) be the third derivative of m**5/30 + 5*m**4/24 + m**3/2 + 5*m**2 - 19. Suppose -2*a = 3*a + 20. Calculate v(a).
15
Suppose -c + 6 = 4*f + 26, -c - 5 = -f. Let a(y) = -9*y**2 - 14*y - 2. Let g(v) = 11*v**2 + 16*v + 1. Let k(x) = -5*a(x) - 4*g(x). Give k(c).
22
Suppose 3 = -3*i + 15. Let h be 15/10 + (-6)/i. Let v(y) = -1 + 3 + h + 3*y - y. Give v(-5).
-8
Let x(l) = -3*l + 5. Suppose 45 = 4*n - 19. Suppose 6*o - n = 2*o. What is x(o)?
-7
Let a = -1162 + 1168. Let p(c) = 4*c - 17. Give p(a).
7
Let r(b) = -5*b - 43. Let u be r(-10). Let d(f) = -f**2 + 3*f + 6. Give d(u).
-22
Suppose 0 = -4*y + 2*y. Let h(l) = 26*l - 5 + 26*l - 51*l. Determine h(y).
-5
Suppose 0 = -5*s - 4 + 14. Suppose s*d - 10 = -t, 0*t - d = 3*t - 5. Let m(k) = -k**2. Determine m(t).
0
Suppose 5*d - 1 = 4*d. Let k be (-5)/d - (2 + -4). Let i(j) = -j + 1. Calculate i(k).
4
Let o(z) = -z**3 - 2*z**2 - z + 1. Let q be 3/(-12) + 4/16. Suppose 2*k = -p - 7, 5*k + p + 0*p + 13 = q. Determine o(k).
3
Suppose 94*w = 96*w - 4. Let j(c) = c**3 + 5*c**2 - 2*c**2 + 22 - 2*c**w - 34. Determine j(0).
-12
Let w(b) be the second derivative of b**4/12 - b**3 - 3*b**2/2 - 22*b. Calculate w(8).
13
Let g(d) be the third derivative of -d**4/6 - d**3/6 + d**2. Suppose -4*l - 4*p + 35 = l, 5*p - 31 = -2*l. Suppose -q + 4 - 1 = k, l*k + 7 = q. Give g(k).
3
Let t(q) = -13*q + 10. Let h be t(0). Let j(v) = v**3 - 10*v**2 + 2*v - 10. Calculate j(h).
10
Let v(a) be the first derivative of -a**4/12 - 5*a**3/6 + 2*a**2 + 5*a - 10. Let p(h) be the first derivative of v(h). What is p(-4)?
8
Let f(l) = 2*l**2 - 5. Let t be f(0). Let y(j) = -j**3 - 5*j**2. Let b be y(t). Let p(c) = -c**2 - c + 1. Give p(b).
1
Let q(l) = 3*l**3 + l - 1. Suppose -5*x + 10 = -3*x. Let k be (-2)/(-3 + x) + 3. Suppose k*p - 3 = -n, 3*p - 7*p = 4*n - 8. Determine q(n).
3
Let m(i) = -3*i + 13 - 12 + 2*i + 76*i**2 - 74*i**2. Determine m(1).
2
Let n be 27/(-99) - (-3)/11. Let p(u) be the second derivative of 1/2*u**2 + 1/2*u**3 + 1/6*u**4 + n - 5*u. Calculate p(-3).
10
Let u be 1 + 8 + (0/2 - 3). Let m(y) be the third derivative of y**4/24 - y**3/2 - 7*y**2. Give m(u).
3
Let a(u) be the second derivative of -u**4/12 + 7*u**3/6 + 2*u**2 - 40*u. What is a(8)?
-4
Let d = -264 - -265. Let v(n) = 10*n**3 + 2*n**2 - 2*n + 1. What is v(d)?
11
Let m(a) = -a**3 - a + 4. Let j be m(0). Let w(s) = -8*s**2 - 26*s - 20. Let k(x) = -9*x - 1 - 3 - 3 - 3*x**2. Let y(b) = 11*k(b) - 4*w(b). Calculate y(j).
7
Suppose 3*c = 3*n + 3, 4*n + 0 = -2*c - 4. Let h(w) = 2*w**2 + 2*w + 1. Let s(v) = v. Let i(y) = n*h(y) + 2*s(y). Let l(t) = t**2 - 8. Let a be l(3). Give i(a).
-3
Let p(y) = y**3 - 4*y**2 - 6*y + 4. Suppose -2*c = -4*c + 3*q + 16, -5*q = -c + 15. Determine p(c).
-1
Suppose 0 = -s + 3*d - 1, -3*s + 17 = -3*d - d. Let f(y) = 21*y - 26. Let p(z) = 4*z - 5. Let g(i) = s*p(i) - 2*f(i). Calculate g(2).
1
Let w(g) = 6*g**3 - 5*g**2 - 2. Let j(f) = -f**3 + 2*f**2 - f - 1. Let v(h) = -5*j(h) - w(h). Let c = 4 + -2. Suppose -17 = c*i - 7. Determine v(i).
-18
Let k(c) be the third derivative of 5*c**4/24 - 7*c**3/6 + c**2 + 4*c. Determine k(3).
8
Let z(m) be the second derivative of -1/240*m**6 + 0*m**2 + 3*m + 0 + 5/12*m**4 + 0*m**3 + 0*m**5. Let f(o) be the third derivative of z(o). What is f(2)?
-6
Let y(t) = -6*t - 39. Let j be y(-7). Suppose v = 3*w - 12, -v + 28 = 5*w - 0*v. Let k(a) = 0*a**2 - w + 3*a**2 + a - 5*a**j + 4*a**3 + 1. Calculate k(3).
-1
Let t(z) = -9*z**2 - z**3 + 5*z**3 - 3*z**3 + 5*z**2 + 1 - 4*z. Calculate t(5).
6
Suppose 0 = 14*o - 59 - 11. Let i(u) = -2*u - 4. What is i(o)?
-14
Let z(f) = f**3 + 6*f**2 + 5*f + 6. Let v = -43 - -16. Suppose -2*m + 64 = -16*b + 21*b, m - 30 = -2*b. Let s = m + v. Determine z(s).
6
Let x(s) = -2*s + 21. Let b(i) = -5*i + 64. Let l(u) = 2*b(u) - 7*x(u). Calculate l(5).
1
Let h(n) be the third derivative of -n**6/120 + n**5/12 + n**4/3 + 2*n**3/3 - 475*n**2. Give h(6).
16
Let k(r) = r**3 - r**2 + r + 6. Suppose 4 = -a - 1. Let m(z) = -z**2 + 8*z - 2. Let g be m(7). Let h = a + g. Give k(h).
6
Let m(d) = d**2 + 6*d - 4. Let f(h) = 18*h + 4. Let p be f(-1). Let a be (12/p)/((9/(-3))/(-21)). What is m(a)?
-4
Let y(b) = -2*b**2 + 8*b + 9. Let m be y(-1). Let a(r) = 23*r**2 - r - 1. Determine a(m).
23
Let o(a) = -17*a + 12. Let m(n) = 9*n - 7. Let w(h) = 7*m(h) + 4*o(h). Determine w(8).
-41
Suppose 2*p + 2*p = -56. Let l = 10 + p. Let m(n) = -4*n - 4. Determine m(l).
12
Let i(r) = -1. Let p(w) = 34*w - 3 - 17 - 38*w. Let q(o) = 16*i(o) - p(o). Calculate q(-2).
-4
Let v(q) be the second derivative of -5*q**3/3 - 6*q. Let i be v(-1). Let z(x) = -i*x - 4 + 7*x + 2*x. Calculate z(4).
-8
Let v(f) = -f - 5. Let q be v(-3). Let r be 5*(3 + q - 2). Let a(x) be the first derivative of x**4/4 + 2*x**3 + 3*x**2 + 5*x - 5. What is a(r)?
0
Suppose 122 - 38 = 4*n. Suppose 6*a + n = 3*a. Let j(w) = -w - 12. What is j(a)?
-5
Let j(w) = -4*w. Let r(d) = -d + 19. Let c(a) = a**2 - 3*a + 5. Let t be c(5). Let s be r(t). Suppose 3*h + h = -s. What is j(h)?
4
Let c = -1938 + 1948. Let l(d) = d**3 - 10*d**2 + 2*d - 16. Determine l(c).
4
Let z be (-30)/(-16) - 14/(-112). Let o(n) be the first derivative of 4*n + 6 + 1/2*n**z. What is o(7)?
11
Let t(v) = 6*v**3 + 4*v**2 - 4*v - 3. Let p(u) = 4*u**3 + 3*u**2 - 3*u - 2. Let h(o) = 7*p(o) - 5*t(o). Let c be -1 + (3 - 2) - -2. Give h(c).
-13
Let r(x) = -1 - x + 2*x - 3 + x**3. Let p(t) = 2*t**2 - 3*t. Let g be p(2). Let z be (-3)/(-6)*0/g. What is r(z)?
-4
Let c(b) = -b - 16. Suppose 16*g - 11*g = 0, m - 2*g + 11 = 0. Calculate c(m).
-5
Suppose 4*c = 3*t - 25, -2*c + 2 = 3*t + 1. Let g(j) = 778 - j**t + 7*j - 2*j**2 - 785 - j**2 - j. Determine g(-5).
13
Let u(j) = j**3 - 6*j**2 + 4*j - 9. Let b(o) = 2*o**3 - 12*o**2 + 8*o - 17. Let h(t) = 4*b(t) - 7*u(t). Let x be ((-72)/(-20) - 4) + 32/5. Give h(x).
19
Let z(k) = k**2 - 2*k + 5. Let t be 3 + 0 - (-99 + 100). Calculate z(t).
5
Let w(s) = 8 - 36 - s + 13 + 13. Calculate w(5).
-7
Let l = -80 + 89. Let r(o) = -2*o - o + l + 5*o + 2. What is 